{"id":73,"date":"2024-10-15T19:53:26","date_gmt":"2024-10-15T17:53:26","guid":{"rendered":"https:\/\/www.6foisdys.fr\/boutique-wp\/?post_type=product&#038;p=73"},"modified":"2026-01-06T01:32:05","modified_gmt":"2026-01-06T00:32:05","slug":"%f0%9f%8e%ab-pack-premium","status":"publish","type":"product","link":"https:\/\/www.6foisdys.fr\/boutique\/produit\/%f0%9f%8e%ab-pack-premium\/","title":{"rendered":"\ud83c\udfab Pack premium"},"content":{"rendered":"<p>Je m\u2019appelle<strong>\u00a0<span class=\"a-text-bold\">Aur\u00e9lie RENARD-VIGNELLES<\/span><\/strong>, j\u2019ai 7 troubles DYS et un TDAH, en d\u2019autres termes je suis\u00a0<strong><span class=\"a-text-bold\">neuro-atypique et fi\u00e8re de l\u2019\u00eatre<\/span><\/strong>. Apr\u00e8s un parcours difficile dans les apprentissages, dans le monde du travail et au quotidien, j\u2019ai cr\u00e9\u00e9 en ao\u00fbt 2018, mon entreprise\u00a0<strong><span class=\"a-text-bold\">6foisdys<\/span><\/strong>. Je suis maintenant,\u00a0<strong><span class=\"a-text-bold\">conf\u00e9renci\u00e8re<\/span><\/strong>, consultante et formatrice <strong>\u00ab<span class=\"a-text-bold\">troubles DYS<\/span>\u00bb<\/strong> ind\u00e9pendante.<\/p>\n<p>Tu d\u00e9couvriras au travers de ce livre,\u00a0<strong><span class=\"a-text-bold\">comment je suis pass\u00e9e d\u2019une petite fille humili\u00e9e \u00e0 une entrepreneuse aguerrie<\/span><\/strong>, gr\u00e2ce \u00e0 la\u00a0<strong><span class=\"a-text-bold\">r\u00e9silience<\/span><\/strong>.<\/p>\n<p>Ce livre papier est un<strong>\u00a0<span class=\"a-text-bold\">livre 3 en 1<\/span><\/strong>\u00a0(en achetant ce<span class=\"a-text-bold\">\u00a0<strong>livre papier<\/strong><\/span>\u00a0tu as\u00a0<strong><span class=\"a-text-bold\">gratuitement<\/span><\/strong>\u00a0acc\u00e8s au<strong>\u00a0<span class=\"a-text-bold\">ebook et<\/span>\u00a0<\/strong>au<strong><span class=\"a-text-bold\">\u00a0livre audio<\/span><\/strong>\u00a0pour encore plus d\u2019accessibilit\u00e9).<\/p>\n<p>Bonne lecture !<\/p>\n<p><strong><span class=\"a-text-bold\">Avis de Sandrine Landron, relectrice et correctrice officielle du livre :<\/span><\/strong><br \/>\n<em><span class=\"a-text-italic\">\u00ab\u00a0Un livre au\u00a0<\/span><strong><span class=\"a-text-bold a-text-italic\">t\u00e9moignage \u00e9difiant<\/span><\/strong><span class=\"a-text-italic\">\u00a0entre combat d\u2019une vie et\u00a0<\/span><strong><span class=\"a-text-bold a-text-italic\">trucs et astuces<\/span><\/strong><span class=\"a-text-italic\">\u00a0pour\u00a0<\/span><strong><span class=\"a-text-bold a-text-italic\">mieux vivre<\/span><\/strong><span class=\"a-text-italic\">\u00a0avec ses\u00a0<\/span><strong><span class=\"a-text-bold a-text-italic\">troubles DYS<\/span><\/strong><span class=\"a-text-italic\">\u00a0et son\u00a0<\/span><span class=\"a-text-bold a-text-italic\"><strong>TDA\/H<\/strong>\u00a0<\/span><span class=\"a-text-italic\">(trucs et astuces \u00e9galement utiles m\u00eame si vous ne l\u2019\u00eates pas).\u00a0\u00bb<\/span><\/em><\/p>\n","protected":false},"excerpt":{"rendered":"<ul>\n<li>\n<blockquote><p>Mon livre d\u00e9dicac\u00e9<\/p><\/blockquote>\n<\/li>\n<li>1 marque-page 6foisdys<\/li>\n<li>1 stylo \u00e0 encoche 6foisdys (id\u00e9al pour les dysgraphiques)<\/li>\n<\/ul>\n","protected":false},"featured_media":74,"comment_status":"open","ping_status":"closed","template":"","meta":[],"product_brand":[],"product_cat":[15],"product_tag":[],"class_list":{"0":"post-73","1":"product","2":"type-product","3":"status-publish","4":"has-post-thumbnail","6":"product_cat-non-classe","8":"first","9":"instock","10":"shipping-taxable","11":"purchasable","12":"product-type-simple"},"_links":{"self":[{"href":"https:\/\/www.6foisdys.fr\/boutique\/wp-json\/wp\/v2\/product\/73","targetHints":{"allow":["GET"]}}],"collection":[{"href":"https:\/\/www.6foisdys.fr\/boutique\/wp-json\/wp\/v2\/product"}],"about":[{"href":"https:\/\/www.6foisdys.fr\/boutique\/wp-json\/wp\/v2\/types\/product"}],"replies":[{"embeddable":true,"href":"https:\/\/www.6foisdys.fr\/boutique\/wp-json\/wp\/v2\/comments?post=73"}],"wp:featuredmedia":[{"embeddable":true,"href":"https:\/\/www.6foisdys.fr\/boutique\/wp-json\/wp\/v2\/media\/74"}],"wp:attachment":[{"href":"https:\/\/www.6foisdys.fr\/boutique\/wp-json\/wp\/v2\/media?parent=73"}],"wp:term":[{"taxonomy":"product_brand","embeddable":true,"href":"https:\/\/www.6foisdys.fr\/boutique\/wp-json\/wp\/v2\/product_brand?post=73"},{"taxonomy":"product_cat","embeddable":true,"href":"https:\/\/www.6foisdys.fr\/boutique\/wp-json\/wp\/v2\/product_cat?post=73"},{"taxonomy":"product_tag","embeddable":true,"href":"https:\/\/www.6foisdys.fr\/boutique\/wp-json\/wp\/v2\/product_tag?post=73"}],"curies":[{"name":"wp","href":"https:\/\/api.w.org\/{rel}","templated":true}]}}